{"id":2177,"date":"2025-12-09T17:00:38","date_gmt":"2025-12-09T16:00:38","guid":{"rendered":"https:\/\/www.lecotonas.org\/?post_type=mec-events&#038;p=2177"},"modified":"2026-02-26T17:52:02","modified_gmt":"2026-02-26T16:52:02","slug":"retraite-de-tchenrezi-en-residentiel","status":"publish","type":"mec-events","link":"https:\/\/www.lecotonas.org\/index.php\/events\/retraite-de-tchenrezi-en-residentiel\/","title":{"rendered":"Retraite de Tchenr\u00e9zi"},"content":{"rendered":"<p><span style=\"color: #000000;\">D\u00e9but de la retraite le vendredi 20 mars \u00e0 20h00 <\/span><span style=\"color: #000000;\"><em>(Possibilit\u00e9 d\u2019arriv\u00e9e \u00e0 18h00 &#8211; d\u00eener sorti du panier)<\/em>.<br \/>\nFin de la retraite le dimanche 22 mars \u00e0 16h30.<\/span><\/p>\n<p><strong><u>Possibilit\u00e9 de participer \u00e0 la journ\u00e9e <\/u><\/strong><br \/>\n<strong><u>(9h30 &#8211; 17h30 le samedi \/ 9h30 &#8211; 16h30 le dimanche)<\/u><\/strong><\/p>\n<p><span style=\"color: #000000;\">Ces journ\u00e9es d\u00e9di\u00e9es \u00e0 la pratique de Tchenr\u00e9zi sont une opportunit\u00e9 pour :<br \/>\n. \u00c9tablir les conditions d&rsquo;une pratique\u00a0en retraite en se lib\u00e9rant des pr\u00e9occupations habituelles<br \/>\n. Se relier aux qualit\u00e9s \u00e9veill\u00e9es de Tchenr\u00e9zi en cultivant une qualit\u00e9 de pr\u00e9sence et d&rsquo;ouverture<br \/>\n. V\u00e9rifier sa compr\u00e9hension dans le cadre de questions\/r\u00e9ponses.<\/span><\/p>\n<p><span style=\"color: #000000;\"><strong>Cette retraite est destin\u00e9e aux personnes ayant pris refuge et ayant d\u00e9j\u00e0 re\u00e7u les instructions de pratique.<\/strong><\/span><\/p>\n<p><span style=\"color: #000000;\"><strong>Horaires de pratique<\/strong><br \/>\n\u2013 7h30 -8h00 : r\u00e9citation du sutra de confession aux 35 Bouddhas &#8211; m\u00e9ditation du calme mental<br \/>\n\u2013 9h30 \u2013 11h30 : pratique et accumulation du mantra de Tchenr\u00e9zi<br \/>\n\u2013 14h \u2013 15h00 : questions-r\u00e9ponses<br \/>\n\u2013 15h30 \u2013 17h30 :\u00a0pratique et accumulation du mantra de Tchenr\u00e9zi<br \/>\n\u2013 20h00 \u2013 21h00 :\u00a0pratique et accumulation du mantra de Tchenr\u00e9zi<br \/>\n<\/span><\/p>\n<p><span style=\"color: #000000;\"><strong>MODALIT\u00c9S<\/strong><br \/>\n\u25ba Frais de session : 20\u20ac le week-end \/10\u20ac la journ\u00e9e<br \/>\n\u25ba Repas et h\u00e9bergement sur inscription (voir les tarifs dans la rubrique \u00ab\u00a0infos pratiques\u00a0\u00bb)\u00a0 <\/span><br \/>\n<span style=\"color: #000000;\">\u00a0 \u00a0 \u00a0Repas \u00ab\u00a0tir\u00e9 du panier\u00a0\u00bb pour les personnes qui viennent \u00e0 la journ\u00e9e<\/span><\/p>\n<p><em><span style=\"font-size: 10.0pt;\">NB : l\u2019aspect financier ne doit pas \u00eatre un obstacle \u00e0 votre participation. N\u2019h\u00e9sitez pas \u00e0 contacter le centre sur ce point.<\/span><\/em><\/p>\n<p style=\"text-align: center;\"><span style=\"color: #2e86c1;\"><strong>Pour r\u00e9server merci de remplir le formulaire en ligne <b>avant le 18 mars<\/b>.<\/strong><\/span><\/p>\n<p><center><a href=\"https:\/\/www.lecotonas.org\/index.php\/reservations\/\"><button>R\u00e9server<\/button><\/a><\/center><\/p>\n","protected":false},"excerpt":{"rendered":"<p>D\u00e9but de la retraite le vendredi 20 mars \u00e0 20h00 (Possibilit\u00e9 d\u2019arriv\u00e9e \u00e0 18h00 &#8211; d\u00eener sorti du panier). Fin de la retraite le dimanche 22 mars \u00e0 16h30. Possibilit\u00e9 de participer \u00e0 la journ\u00e9e (9h30 &#8211; 17h30 le samedi \/ 9h30 &#8211; 16h30 le dimanche) Ces journ\u00e9es d\u00e9di\u00e9es \u00e0 la pratique de Tchenr\u00e9zi sont [&hellip;]<\/p>\n","protected":false},"author":1,"featured_media":1360,"comment_status":"open","ping_status":"closed","template":"","tags":[],"mec_category":[],"mec_speaker":[7],"class_list":["post-2177","mec-events","type-mec-events","status-publish","has-post-thumbnail","hentry","entry","has-media"],"_links":{"self":[{"href":"https:\/\/www.lecotonas.org\/index.php\/wp-json\/wp\/v2\/mec-events\/2177","targetHints":{"allow":["GET"]}}],"collection":[{"href":"https:\/\/www.lecotonas.org\/index.php\/wp-json\/wp\/v2\/mec-events"}],"about":[{"href":"https:\/\/www.lecotonas.org\/index.php\/wp-json\/wp\/v2\/types\/mec-events"}],"author":[{"embeddable":true,"href":"https:\/\/www.lecotonas.org\/index.php\/wp-json\/wp\/v2\/users\/1"}],"replies":[{"embeddable":true,"href":"https:\/\/www.lecotonas.org\/index.php\/wp-json\/wp\/v2\/comments?post=2177"}],"wp:featuredmedia":[{"embeddable":true,"href":"https:\/\/www.lecotonas.org\/index.php\/wp-json\/wp\/v2\/media\/1360"}],"wp:attachment":[{"href":"https:\/\/www.lecotonas.org\/index.php\/wp-json\/wp\/v2\/media?parent=2177"}],"wp:term":[{"taxonomy":"post_tag","embeddable":true,"href":"https:\/\/www.lecotonas.org\/index.php\/wp-json\/wp\/v2\/tags?post=2177"},{"taxonomy":"mec_category","embeddable":true,"href":"https:\/\/www.lecotonas.org\/index.php\/wp-json\/wp\/v2\/mec_category?post=2177"},{"taxonomy":"mec_speaker","embeddable":true,"href":"https:\/\/www.lecotonas.org\/index.php\/wp-json\/wp\/v2\/mec_speaker?post=2177"}],"curies":[{"name":"wp","href":"https:\/\/api.w.org\/{rel}","templated":true}]}}

Retraite de Tchenrézi

<p><span style="color: #000000;">Début de la retraite le vendredi 20 mars à 20h00 </span><span style="color: #000000;"><em>(Possibilité d’arrivée à 18h00 &#8211; dîner sorti du panier)</em>.<br />
Fin de la retraite le dimanche 22 mars à 16h30.</span></p>
<p><strong><u>Possibilité de participer à la journée </u></strong><br />
<strong><u>(9h30 &#8211; 17h30 le samedi / 9h30 &#8211; 16h30 le dimanche)</u></strong></p>
<p><span style="color: #000000;">Ces journées dédiées à la pratique de Tchenrézi sont une opportunité pour :<br />
. Établir les conditions d&rsquo;une pratique en retraite en se libérant des préoccupations habituelles<br />
. Se relier aux qualités éveillées de Tchenrézi en cultivant une qualité de présence et d&rsquo;ouverture<br />
. Vérifier sa compréhension dans le cadre de questions/réponses.</span></p>
<p><span style="color: #000000;"><strong>Cette retraite est destinée aux personnes ayant pris refuge et ayant déjà reçu les instructions de pratique.</strong></span></p>
<p><span style="color: #000000;"><strong>Horaires de pratique</strong><br />
– 7h30 -8h00 : récitation du sutra de confession aux 35 Bouddhas &#8211; méditation du calme mental<br />
– 9h30 – 11h30 : pratique et accumulation du mantra de Tchenrézi<br />
– 14h – 15h00 : questions-réponses<br />
– 15h30 – 17h30 : pratique et accumulation du mantra de Tchenrézi<br />
– 20h00 – 21h00 : pratique et accumulation du mantra de Tchenrézi<br />
</span></p>
<p><span style="color: #000000;"><strong>MODALITÉS</strong><br />
► Frais de session : 20€ le week-end /10€ la journée<br />
► Repas et hébergement sur inscription (voir les tarifs dans la rubrique « infos pratiques »)  </span><br />
<span style="color: #000000;">     Repas « tiré du panier » pour les personnes qui viennent à la journée</span></p>
<p><em><span style="font-size: 10.0pt;">NB : l’aspect financier ne doit pas être un obstacle à votre participation. N’hésitez pas à contacter le centre sur ce point.</span></em></p>
<p style="text-align: center;"><span style="color: #2e86c1;"><strong>Pour réserver merci de remplir le formulaire en ligne <b>avant le 18 mars</b>.</strong></span></p>
<p><center><a href="https://www.lecotonas.org/index.php/reservations/"><button>Réserver</button></a></center></p>

<p>Début de la retraite le vendredi 20 mars à 20h00 (Possibilité d’arrivée à 18h00 &#8211; dîner sorti du panier). Fin de la retraite le dimanche 22 mars à 16h30. Possibilité de participer à la journée (9h30 &#8211; 17h30 le samedi / 9h30 &#8211; 16h30 le dimanche) Ces journées dédiées à la pratique de Tchenrézi sont [&hellip;]</p>
