{"id":1985,"date":"2023-01-16T13:35:31","date_gmt":"2023-01-16T12:35:31","guid":{"rendered":"https:\/\/www.lecotonas.org\/?post_type=mec-events&#038;p=1985"},"modified":"2023-03-01T17:49:46","modified_gmt":"2023-03-01T16:49:46","slug":"meditation-emotions","status":"publish","type":"mec-events","link":"https:\/\/www.lecotonas.org\/index.php\/events\/meditation-emotions\/","title":{"rendered":"M\u00e9ditation &#038; \u00c9motions"},"content":{"rendered":"<p><span style=\"font-size: 11.0pt; color: black; line-height: 120%; font-family: 'Arial',sans-serif;\">Pour que notre esprit puisse se lib\u00e9rer progressivement de ses entraves et r\u00e9v\u00e9ler sa clart\u00e9 naturelle, il nous faut rassembler des conditions qui, en se combinant, constituent un entra\u00eenement.<\/span><br \/>\n<span style=\"font-size: 11.0pt; color: black; line-height: 120%; font-family: 'Arial',sans-serif;\">Cultivant la m\u00e9ditation, l\u2019esprit se clarifie par l\u2019attention et la vigilance. <\/span><br \/>\n<span style=\"font-size: 11.0pt; color: black; line-height: 120%; font-family: 'Arial',sans-serif;\">Dans le m\u00eame temps, nous prenons conscience de nos fonctionnements, des mouvements \u00e9motionnels qui g\u00e9n\u00e8rent le mal-\u00eatre, tel qu&rsquo;il a \u00e9t\u00e9 d\u00e9crit par le Bouddha. <\/span><br \/>\n<span style=\"font-size: 11.0pt; color: black; line-height: 120%; font-family: 'Arial',sans-serif;\">Sur la base de notre propre exp\u00e9rience au quotidien et d\u2019un processus de contemplation et de m\u00e9ditation, nous pouvons peu \u00e0 peu nous lib\u00e9rer de l&#8217;emprise des \u00e9motions, agir de mani\u00e8re moins impulsive et avec plus de libert\u00e9.<\/span><\/p>\n<p><span style=\"font-size: 11.0pt; color: black; line-height: 120%; font-family: 'Arial',sans-serif;\">Ce stage combine l\u2019\u00e9coute, la r\u00e9flexion et la m\u00e9ditation qui nourrissent notre discernement et pose les bases d\u2019une pratique authentique. <\/span><br \/>\n<strong><span style=\"font-size: 11.0pt; color: black; font-family: 'Arial',sans-serif;\">Horaires de pratique<\/span><\/strong><span style=\"font-size: 11.0pt; color: black; font-family: 'Arial',sans-serif;\"><br \/>\n-&gt;<strong> 10h00 \u2013 12h00<\/strong><br \/>\n<em>-&gt;<\/em><strong> 14h00 \u2013 15h30<\/strong><br \/>\n-&gt;<strong> 16h00 \u2013 17h00 (14h00 &#8211; 16h00 le dimanche)<\/strong><br \/>\n<\/span><\/p>\n<p style=\"margin: 0cm; margin-bottom: .0001pt; line-height: 120%;\"><strong><span style=\"font-size: 11.0pt; color: black; line-height: 120%; font-family: 'Arial',sans-serif;\">Modalit\u00e9s <\/span><\/strong><br \/>\n<span style=\"font-size: 11.0pt; color: black; line-height: 120%; font-family: 'Arial',sans-serif;\"><br \/>\n<strong>. Frais de session : 15 \u20ac\/jour \u2013 20\u20ac le week-end<\/strong> <\/span><\/p>\n<p style=\"margin: 0cm; margin-bottom: .0001pt; line-height: 120%;\"><span style=\"font-size: 11.0pt; color: black; line-height: 120%; font-family: 'Arial',sans-serif;\"><em>(NB : l&rsquo;aspect financier ne doit pas \u00eatre un obstacle \u00e0 votre participation. N&rsquo;h\u00e9sitez pas \u00e0 contacter le centre sur ce point.)<\/em><br \/>\n<strong>\u00b7 Repas : Samedi et dimanche &#8211; repas partag\u00e9<\/strong><br \/>\n<strong>\u00b7 Possibilit\u00e9s d\u2019h\u00e9bergement sur place<\/strong><\/span><\/p>\n<p style=\"margin: 0cm; margin-bottom: .0001pt; line-height: 100%;\"><span style=\"font-size: 11.0pt; color: black; line-height: 120%; font-family: 'Arial',sans-serif;\"><strong>\u2013 Merci de nous envoyer un email pour nous informer de votre participation -&gt;<\/strong> <a href=\"mailto:accueil@lecotonas.org\"><span style=\"color: windowtext; text-decoration: none; text-underline: none;\">accueil@lecotonas.org<\/span><\/a><\/span><\/p>\n<p>&nbsp;<\/p>\n<p>&nbsp;<\/p>\n","protected":false},"excerpt":{"rendered":"<p>Pour que notre esprit puisse se lib\u00e9rer progressivement de ses entraves et r\u00e9v\u00e9ler sa clart\u00e9 naturelle, il nous faut rassembler des conditions qui, en se combinant, constituent un entra\u00eenement. Cultivant la m\u00e9ditation, l\u2019esprit se clarifie par l\u2019attention et la vigilance. Dans le m\u00eame temps, nous prenons conscience de nos fonctionnements, des mouvements \u00e9motionnels qui g\u00e9n\u00e8rent [&hellip;]<\/p>\n","protected":false},"author":1,"featured_media":1987,"comment_status":"open","ping_status":"closed","template":"","tags":[],"mec_category":[],"mec_speaker":[7],"class_list":["post-1985","mec-events","type-mec-events","status-publish","has-post-thumbnail","hentry","entry","has-media"],"_links":{"self":[{"href":"https:\/\/www.lecotonas.org\/index.php\/wp-json\/wp\/v2\/mec-events\/1985","targetHints":{"allow":["GET"]}}],"collection":[{"href":"https:\/\/www.lecotonas.org\/index.php\/wp-json\/wp\/v2\/mec-events"}],"about":[{"href":"https:\/\/www.lecotonas.org\/index.php\/wp-json\/wp\/v2\/types\/mec-events"}],"author":[{"embeddable":true,"href":"https:\/\/www.lecotonas.org\/index.php\/wp-json\/wp\/v2\/users\/1"}],"replies":[{"embeddable":true,"href":"https:\/\/www.lecotonas.org\/index.php\/wp-json\/wp\/v2\/comments?post=1985"}],"wp:featuredmedia":[{"embeddable":true,"href":"https:\/\/www.lecotonas.org\/index.php\/wp-json\/wp\/v2\/media\/1987"}],"wp:attachment":[{"href":"https:\/\/www.lecotonas.org\/index.php\/wp-json\/wp\/v2\/media?parent=1985"}],"wp:term":[{"taxonomy":"post_tag","embeddable":true,"href":"https:\/\/www.lecotonas.org\/index.php\/wp-json\/wp\/v2\/tags?post=1985"},{"taxonomy":"mec_category","embeddable":true,"href":"https:\/\/www.lecotonas.org\/index.php\/wp-json\/wp\/v2\/mec_category?post=1985"},{"taxonomy":"mec_speaker","embeddable":true,"href":"https:\/\/www.lecotonas.org\/index.php\/wp-json\/wp\/v2\/mec_speaker?post=1985"}],"curies":[{"name":"wp","href":"https:\/\/api.w.org\/{rel}","templated":true}]}}

Méditation &#038; Émotions

<p><span style="font-size: 11.0pt; color: black; line-height: 120%; font-family: 'Arial',sans-serif;">Pour que notre esprit puisse se libérer progressivement de ses entraves et révéler sa clarté naturelle, il nous faut rassembler des conditions qui, en se combinant, constituent un entraînement.</span><br />
<span style="font-size: 11.0pt; color: black; line-height: 120%; font-family: 'Arial',sans-serif;">Cultivant la méditation, l’esprit se clarifie par l’attention et la vigilance. </span><br />
<span style="font-size: 11.0pt; color: black; line-height: 120%; font-family: 'Arial',sans-serif;">Dans le même temps, nous prenons conscience de nos fonctionnements, des mouvements émotionnels qui génèrent le mal-être, tel qu&rsquo;il a été décrit par le Bouddha. </span><br />
<span style="font-size: 11.0pt; color: black; line-height: 120%; font-family: 'Arial',sans-serif;">Sur la base de notre propre expérience au quotidien et d’un processus de contemplation et de méditation, nous pouvons peu à peu nous libérer de l&#8217;emprise des émotions, agir de manière moins impulsive et avec plus de liberté.</span></p>
<p><span style="font-size: 11.0pt; color: black; line-height: 120%; font-family: 'Arial',sans-serif;">Ce stage combine l’écoute, la réflexion et la méditation qui nourrissent notre discernement et pose les bases d’une pratique authentique. </span><br />
<strong><span style="font-size: 11.0pt; color: black; font-family: 'Arial',sans-serif;">Horaires de pratique</span></strong><span style="font-size: 11.0pt; color: black; font-family: 'Arial',sans-serif;"><br />
-&gt;<strong> 10h00 – 12h00</strong><br />
<em>-&gt;</em><strong> 14h00 – 15h30</strong><br />
-&gt;<strong> 16h00 – 17h00 (14h00 &#8211; 16h00 le dimanche)</strong><br />
</span></p>
<p style="margin: 0cm; margin-bottom: .0001pt; line-height: 120%;"><strong><span style="font-size: 11.0pt; color: black; line-height: 120%; font-family: 'Arial',sans-serif;">Modalités </span></strong><br />
<span style="font-size: 11.0pt; color: black; line-height: 120%; font-family: 'Arial',sans-serif;"><br />
<strong>. Frais de session : 15 €/jour – 20€ le week-end</strong> </span></p>
<p style="margin: 0cm; margin-bottom: .0001pt; line-height: 120%;"><span style="font-size: 11.0pt; color: black; line-height: 120%; font-family: 'Arial',sans-serif;"><em>(NB : l&rsquo;aspect financier ne doit pas être un obstacle à votre participation. N&rsquo;hésitez pas à contacter le centre sur ce point.)</em><br />
<strong>· Repas : Samedi et dimanche &#8211; repas partagé</strong><br />
<strong>· Possibilités d’hébergement sur place</strong></span></p>
<p style="margin: 0cm; margin-bottom: .0001pt; line-height: 100%;"><span style="font-size: 11.0pt; color: black; line-height: 120%; font-family: 'Arial',sans-serif;"><strong>– Merci de nous envoyer un email pour nous informer de votre participation -&gt;</strong> <a href="mailto:accueil@lecotonas.org"><span style="color: windowtext; text-decoration: none; text-underline: none;">accueil@lecotonas.org</span></a></span></p>
<p>&nbsp;</p>
<p>&nbsp;</p>

<p>Pour que notre esprit puisse se libérer progressivement de ses entraves et révéler sa clarté naturelle, il nous faut rassembler des conditions qui, en se combinant, constituent un entraînement. Cultivant la méditation, l’esprit se clarifie par l’attention et la vigilance. Dans le même temps, nous prenons conscience de nos fonctionnements, des mouvements émotionnels qui génèrent [&hellip;]</p>
